{"id":6424,"date":"2023-01-29T16:02:30","date_gmt":"2023-01-29T15:02:30","guid":{"rendered":"https:\/\/www.spengergasse.at\/?page_id=6424"},"modified":"2023-01-29T17:46:51","modified_gmt":"2023-01-29T16:46:51","slug":"absolventinnenkontakte-und-foerderung","status":"publish","type":"page","link":"https:\/\/www.spengergasse.at\/?page_id=6424","title":{"rendered":""},"content":{"rendered":"\n<h6 class=\"wp-block-heading\">Absolvent:innenkontakte und -f\u00f6rderung<\/h6>\n\n\n\n<figure class=\"wp-block-image size-large\"><img loading=\"lazy\" decoding=\"async\" width=\"1024\" height=\"943\" src=\"https:\/\/www.spengergasse.at\/wp-content\/uploads\/2023\/01\/uda_infoguide-1024x943.jpg\" alt=\"\" class=\"wp-image-6545\" srcset=\"https:\/\/www.spengergasse.at\/wp-content\/uploads\/2023\/01\/uda_infoguide-1024x943.jpg 1024w, https:\/\/www.spengergasse.at\/wp-content\/uploads\/2023\/01\/uda_infoguide-300x276.jpg 300w, https:\/\/www.spengergasse.at\/wp-content\/uploads\/2023\/01\/uda_infoguide-768x707.jpg 768w, https:\/\/www.spengergasse.at\/wp-content\/uploads\/2023\/01\/uda_infoguide-1536x1414.jpg 1536w, https:\/\/www.spengergasse.at\/wp-content\/uploads\/2023\/01\/uda_infoguide-2048x1885.jpg 2048w\" sizes=\"auto, (max-width: 1024px) 100vw, 1024px\" \/><\/figure>\n\n\n\n<p>Wir f\u00fchlen uns verpflichtet und freuen uns gleicherma\u00dfen, unsere Absolvent:innen auf ihrem weiteren Studien- und Berufsweg umfassend zu unterst\u00fctzen. Die j\u00e4hrlich stattfindenden Firmeninformationstage sind eine Win-Win-Situation f\u00fcr renommierte Unternehmen und Institutionen, die hochqualifizierte Mitarbeiter:innen suchen, ebenso wie f\u00fcr unsere jobsuchenden Studierenden, deren erkl\u00e4rtes Ziel die Vermittlung einer ihren Interessen und Anspr\u00fcchen ad\u00e4quaten Anstellung in angenehmer Arbeitsatmosph\u00e4re mit leistungsgerechter Entlohnung ist.<\/p>\n\n\n\n<p>Eine sch\u00f6ne Tradition, die wir pflegen, ist, besonders Begabte, nicht ohne professionell verfasste Empfehlungsschreiben von uns gehen zu lassen und ihren weiteren Werdegang aufmerksam mitzuverfolgen! Herausragenden Absolvent:innen wurde auf diese Weise schon geholfen, den Weg nach Cambrigde, ans MIT, an ein Max-Planck-Institut, in die AI-Forschungs-Abteilung von Facebook, etc., zu ebnen, um sie schlie\u00dflich als Entscheidungstr\u00e4ger im Spitzenfeld von Forschung und Technik wiederzufinden!<\/p>\n\n\n\n<p>Der Absolventenverein Weaver, der zum j\u00e4hrlichen Absolventencocktail in die Spengergasse l\u00e4dt, f\u00f6rdert Vernetzung und Austausch im Rahmen herzlicher Begegnung zwischen Alumni und Lehrk\u00f6rper und hat in der Vergangenheit, bis heute, so manche \u2013 auch professionell \u2013 fruchtbare Kontakte hervorgebracht. Wir bedanken uns bei dieser Gelegenheit auch f\u00fcr vielfache Unterst\u00fctzung bei Veranstaltungen dieser Art, etwa durch Firmen, deren Inhaber unsere Absolventen sind, und die uns auf diese Weise ein sehr positives Feedback zu ihrer Ausbildungszeit bei uns, so tatkr\u00e4ftig best\u00e4tigen!<\/p>\n","protected":false},"excerpt":{"rendered":"<p>Absolvent:innenkontakte und -f\u00f6rderung Wir f\u00fchlen uns verpflichtet und freuen uns gleicherma\u00dfen, unsere Absolvent:innen auf ihrem weiteren Studien- und Berufsweg umfassend zu unterst\u00fctzen. Die j\u00e4hrlich stattfindenden Firmeninformationstage sind eine Win-Win-Situation f\u00fcr renommierte Unternehmen und Institutionen, die hochqualifizierte Mitarbeiter:innen suchen, ebenso wie f\u00fcr unsere&#8230;<\/p>\n","protected":false},"author":1,"featured_media":0,"parent":6374,"menu_order":0,"comment_status":"closed","ping_status":"closed","template":"","meta":{"footnotes":""},"class_list":["post-6424","page","type-page","status-publish","hentry"],"_links":{"self":[{"href":"https:\/\/www.spengergasse.at\/index.php?rest_route=\/wp\/v2\/pages\/6424","targetHints":{"allow":["GET"]}}],"collection":[{"href":"https:\/\/www.spengergasse.at\/index.php?rest_route=\/wp\/v2\/pages"}],"about":[{"href":"https:\/\/www.spengergasse.at\/index.php?rest_route=\/wp\/v2\/types\/page"}],"author":[{"embeddable":true,"href":"https:\/\/www.spengergasse.at\/index.php?rest_route=\/wp\/v2\/users\/1"}],"replies":[{"embeddable":true,"href":"https:\/\/www.spengergasse.at\/index.php?rest_route=%2Fwp%2Fv2%2Fcomments&post=6424"}],"version-history":[{"count":5,"href":"https:\/\/www.spengergasse.at\/index.php?rest_route=\/wp\/v2\/pages\/6424\/revisions"}],"predecessor-version":[{"id":7680,"href":"https:\/\/www.spengergasse.at\/index.php?rest_route=\/wp\/v2\/pages\/6424\/revisions\/7680"}],"up":[{"embeddable":true,"href":"https:\/\/www.spengergasse.at\/index.php?rest_route=\/wp\/v2\/pages\/6374"}],"wp:attachment":[{"href":"https:\/\/www.spengergasse.at\/index.php?rest_route=%2Fwp%2Fv2%2Fmedia&parent=6424"}],"curies":[{"name":"wp","href":"https:\/\/api.w.org\/{rel}","templated":true}]}}