{"id":6396,"date":"2023-01-29T15:54:07","date_gmt":"2023-01-29T14:54:07","guid":{"rendered":"https:\/\/www.spengergasse.at\/?page_id=6396"},"modified":"2023-01-29T17:29:43","modified_gmt":"2023-01-29T16:29:43","slug":"sustainable-recruiting-policy","status":"publish","type":"page","link":"https:\/\/www.spengergasse.at\/?page_id=6396","title":{"rendered":""},"content":{"rendered":"\n<h6 class=\"wp-block-heading\">Sustainable Recruiting Policy<\/h6>\n\n\n\n<figure class=\"wp-block-image size-large\"><img loading=\"lazy\" decoding=\"async\" width=\"1024\" height=\"540\" src=\"https:\/\/www.spengergasse.at\/wp-content\/uploads\/2023\/01\/shutterstock_767626408-1024x540.jpg\" alt=\"\" class=\"wp-image-6513\" srcset=\"https:\/\/www.spengergasse.at\/wp-content\/uploads\/2023\/01\/shutterstock_767626408-1024x540.jpg 1024w, https:\/\/www.spengergasse.at\/wp-content\/uploads\/2023\/01\/shutterstock_767626408-300x158.jpg 300w, https:\/\/www.spengergasse.at\/wp-content\/uploads\/2023\/01\/shutterstock_767626408-768x405.jpg 768w, https:\/\/www.spengergasse.at\/wp-content\/uploads\/2023\/01\/shutterstock_767626408-1536x810.jpg 1536w, https:\/\/www.spengergasse.at\/wp-content\/uploads\/2023\/01\/shutterstock_767626408-2048x1080.jpg 2048w\" sizes=\"auto, (max-width: 1024px) 100vw, 1024px\" \/><\/figure>\n\n\n\n<p>Die obengenannte, beabsichtigte intensive F\u00f6rderung unserer MINT-Kompetenz beginnt schon bei der besonders sorgf\u00e4ltigen Auswahl der Mitglieder des Lehrer:innenteams, durch jeweils Schulaufsicht und Schulleitung, die hierbei aus langj\u00e4hriger Erfahrung heraus, eine ausgewogene Mischung aus wirtschaftlicher Praxisn\u00e4he und akademischer Qualifikation anstreben. Aufgrund des reichen Spektrums an Unterrichtszweigen und Schulformen von Fachschule, \u00fcber h\u00f6here Abteilungen bis hin zu Aufbaulehrgang und Kolleg, verf\u00fcgt unser Haus \u00fcber eine \u00fcberaus vielfaltige Zusammensetzung des Lehrk\u00f6rpers.<\/p>\n\n\n\n<p>Vom Physiker, der auch Sport und Kunst studiert hat, \u00fcber die K\u00fcnstlerin, die technische Expertin mit Business-Erfahrung ist, die Astrophysikerin, die Biologie und Mathematik lehrt, den Psychologen, der als Physiker Projektentwicklung unterrichtet, bis zum outdoor-life inspirierten Game-Designer und dem habilitierten Fachhochschulprofessor, sind sie es, und noch so viele andere mehr, an herausragenden Pers\u00f6nlichkeiten, die die professionelle Buntheit des Spengerteams einzigartig machen! Und: Gezielter Einsatz von team teaching bringt diese Vielfalt und Komplexit\u00e4t von Expertise und Softskills schlie\u00dflich noch zur vollen Bl\u00fcte!<\/p>\n","protected":false},"excerpt":{"rendered":"<p>Sustainable Recruiting Policy Die obengenannte, beabsichtigte intensive F\u00f6rderung unserer MINT-Kompetenz beginnt schon bei der besonders sorgf\u00e4ltigen Auswahl der Mitglieder des Lehrer:innenteams, durch jeweils Schulaufsicht und Schulleitung, die hierbei aus langj\u00e4hriger Erfahrung heraus, eine ausgewogene Mischung aus wirtschaftlicher Praxisn\u00e4he und akademischer Qualifikation anstreben&#8230;.<\/p>\n","protected":false},"author":1,"featured_media":0,"parent":6374,"menu_order":0,"comment_status":"closed","ping_status":"closed","template":"","meta":{"footnotes":""},"class_list":["post-6396","page","type-page","status-publish","hentry"],"_links":{"self":[{"href":"https:\/\/www.spengergasse.at\/index.php?rest_route=\/wp\/v2\/pages\/6396","targetHints":{"allow":["GET"]}}],"collection":[{"href":"https:\/\/www.spengergasse.at\/index.php?rest_route=\/wp\/v2\/pages"}],"about":[{"href":"https:\/\/www.spengergasse.at\/index.php?rest_route=\/wp\/v2\/types\/page"}],"author":[{"embeddable":true,"href":"https:\/\/www.spengergasse.at\/index.php?rest_route=\/wp\/v2\/users\/1"}],"replies":[{"embeddable":true,"href":"https:\/\/www.spengergasse.at\/index.php?rest_route=%2Fwp%2Fv2%2Fcomments&post=6396"}],"version-history":[{"count":7,"href":"https:\/\/www.spengergasse.at\/index.php?rest_route=\/wp\/v2\/pages\/6396\/revisions"}],"predecessor-version":[{"id":7671,"href":"https:\/\/www.spengergasse.at\/index.php?rest_route=\/wp\/v2\/pages\/6396\/revisions\/7671"}],"up":[{"embeddable":true,"href":"https:\/\/www.spengergasse.at\/index.php?rest_route=\/wp\/v2\/pages\/6374"}],"wp:attachment":[{"href":"https:\/\/www.spengergasse.at\/index.php?rest_route=%2Fwp%2Fv2%2Fmedia&parent=6396"}],"curies":[{"name":"wp","href":"https:\/\/api.w.org\/{rel}","templated":true}]}}