{"id":6374,"date":"2023-01-29T15:32:30","date_gmt":"2023-01-29T14:32:30","guid":{"rendered":"https:\/\/www.spengergasse.at\/?page_id=6374"},"modified":"2023-06-26T09:47:57","modified_gmt":"2023-06-26T07:47:57","slug":"mint","status":"publish","type":"page","link":"https:\/\/www.spengergasse.at\/?page_id=6374","title":{"rendered":""},"content":{"rendered":"\n<figure class=\"wp-block-image alignright size-full\"><a href=\"https:\/\/www.spengergasse.at\/wp-content\/uploads\/2023\/06\/MINT-Auszeichnung.pdf\"><img loading=\"lazy\" decoding=\"async\" width=\"653\" height=\"313\" src=\"https:\/\/www.spengergasse.at\/wp-content\/uploads\/2023\/06\/mint-guetesiegel_2023-1.jpg\" alt=\"\" class=\"wp-image-6756\" srcset=\"https:\/\/www.spengergasse.at\/wp-content\/uploads\/2023\/06\/mint-guetesiegel_2023-1.jpg 653w, https:\/\/www.spengergasse.at\/wp-content\/uploads\/2023\/06\/mint-guetesiegel_2023-1-300x144.jpg 300w\" sizes=\"auto, (max-width: 653px) 100vw, 653px\" \/><\/a><\/figure>\n\n\n\n<h6 class=\"wp-block-heading\">MINT-Konzept der HTL Spengergasse<\/h6>\n\n\n\n<p>Als technische Schule des Sekundarbereichs und Zentrallehranstalt mit 265-j\u00e4hriger Geschichte, sind wir bestrebt, rege Interaktion und Vernetzung sowohl mit der Welt der Wirtschaft, speziell der technischen Industrie, als auch mit universit\u00e4ren Einrichtungen, konstant zu kultivieren und auszubauen. Wir haben diesbez\u00fcglich einen langen Erfahrungsschatz, den wir sehr gerne in weitere fruchtbare Zusammenarbeit nach au\u00dfen einflie\u00dfen lassen wollen.<\/p>\n\n\n\n<p>In diesem Sinne, liegt ein besonderer Fokus unseres Hauses auf der Pflege der sogenannten MINT-F\u00e4cher. Hierbei steht MINT f\u00fcr Mathematik-Informatik-Naturwissenschaften-Technik.<\/p>\n\n\n\n<p>Wir sind explizit darauf bedacht, Studierenden die bestm\u00f6gliche, geschlechterneutrale F\u00f6rderung in der Ausbildung zukommen zu lassen und setzen \u2013 folgerichtig \u2013 eine F\u00fclle von Ma\u00dfnahmen, um diesem erkl\u00e4rten Ziel, bestm\u00f6glich gerecht zu werden. Wir verstehen dies nicht als starres Konzept, sondern sind \u2013 besonders nach pandemischen Zeiten \u2013 darauf bedacht, situativ flexibel reagieren zu k\u00f6nnen, unsere Handlungsprinzipien, im teamorientierten Brainstorming, laufend an \u00e4u\u00dfere Gegebenheiten anzupassen, und, aus gemachten Erfahrungen dazuzulernen.<\/p>\n\n\n\n<p>Wir streben so eine synergetische, gegenseitige Bereicherung zwischen MINT-F\u00e4chern, anderen allgemeinbildenden F\u00e4chern, und sowohl k\u00fcnstlerischen wie auch wirtschaftlichen Fachbereichen, an, und wollen \u2013 in diesem Sinne \u2013 jegliche interdisziplin\u00e4re, horizonterweiternde Form des Unterrichts umfassend f\u00f6rdern! Wir bedanken uns herzlich bei all unseren Sponsoren und Unternehmen, die uns auf sonstige Weise unterst\u00fctzen, den oben genannten kontempor\u00e4ren p\u00e4dagogischen wie technischen Anforderungen, als eine der gr\u00f6\u00dften berufsnahen h\u00f6heren Lehranstalten \u00d6sterreichs, optimal gerecht zu werden!<\/p>\n\n\n\n<div class=\"wp-block-buttons is-layout-flex wp-block-buttons-is-layout-flex\">\n<div class=\"wp-block-button\"><a class=\"wp-block-button__link has-white-color has-text-color has-background wp-element-button\" href=\".\/?tag=MINT\" style=\"border-radius:0px;background-color:#ed1944\">Aktuelles aus dem MINT-Bereich<\/a><\/div>\n<\/div>\n","protected":false},"excerpt":{"rendered":"<p>MINT-Konzept der HTL Spengergasse Als technische Schule des Sekundarbereichs und Zentrallehranstalt mit 265-j\u00e4hriger Geschichte, sind wir bestrebt, rege Interaktion und Vernetzung sowohl mit der Welt der Wirtschaft, speziell der technischen Industrie, als auch mit universit\u00e4ren Einrichtungen, konstant zu kultivieren und auszubauen. Wir&#8230;<\/p>\n","protected":false},"author":1,"featured_media":0,"parent":0,"menu_order":0,"comment_status":"closed","ping_status":"closed","template":"","meta":{"footnotes":""},"class_list":["post-6374","page","type-page","status-publish","hentry"],"_links":{"self":[{"href":"https:\/\/www.spengergasse.at\/index.php?rest_route=\/wp\/v2\/pages\/6374","targetHints":{"allow":["GET"]}}],"collection":[{"href":"https:\/\/www.spengergasse.at\/index.php?rest_route=\/wp\/v2\/pages"}],"about":[{"href":"https:\/\/www.spengergasse.at\/index.php?rest_route=\/wp\/v2\/types\/page"}],"author":[{"embeddable":true,"href":"https:\/\/www.spengergasse.at\/index.php?rest_route=\/wp\/v2\/users\/1"}],"replies":[{"embeddable":true,"href":"https:\/\/www.spengergasse.at\/index.php?rest_route=%2Fwp%2Fv2%2Fcomments&post=6374"}],"version-history":[{"count":31,"href":"https:\/\/www.spengergasse.at\/index.php?rest_route=\/wp\/v2\/pages\/6374\/revisions"}],"predecessor-version":[{"id":7672,"href":"https:\/\/www.spengergasse.at\/index.php?rest_route=\/wp\/v2\/pages\/6374\/revisions\/7672"}],"wp:attachment":[{"href":"https:\/\/www.spengergasse.at\/index.php?rest_route=%2Fwp%2Fv2%2Fmedia&parent=6374"}],"curies":[{"name":"wp","href":"https:\/\/api.w.org\/{rel}","templated":true}]}}