{"id":4962,"date":"2021-04-16T16:01:19","date_gmt":"2021-04-16T14:01:19","guid":{"rendered":"https:\/\/www.spengergasse.at\/?page_id=4962"},"modified":"2021-04-16T16:01:44","modified_gmt":"2021-04-16T14:01:44","slug":"fachbereich-informatik-it-beratung-exklusiv-fuer-schulen","status":"publish","type":"page","link":"https:\/\/www.spengergasse.at\/?page_id=4962","title":{"rendered":"Fachbereich Informatik &#8211; IT-Beratung exklusiv f\u00fcr Schulen"},"content":{"rendered":"\n<p>Die Mitarbeiter*innen der Versuchsanstalt f\u00fcr Textil und Informatik unterrichten und arbeiten an der HTL Spengergasse im Bereich der IT. Wir kennen die Herausforderungen im Bildungsbereich sehr gut und k\u00f6nnen Ihnen helfen Ihre Schule digital fit zu machen.<\/p>\n\n\n\n<p>Unsere Angebote: <\/p>\n\n\n\n<figure class=\"wp-block-table is-style-stripes\"><table><tbody><tr><td>\u00dcberpr\u00fcfung Ihrer IT-Infrastruktur<\/td><\/tr><tr><td>Beratungen zur Anpassung Ihrer IT-Infrastruktur an die Anforderungen Ihrer Lehrpl\u00e4ne<\/td><\/tr><tr><td>Projektbegleitung bei der Umsetzung neuer IT-Infrastrukturprojekte<\/td><\/tr><\/tbody><\/table><\/figure>\n\n\n\n<div class=\"wp-block-group is-layout-flow wp-block-group-is-layout-flow\">\n<p>Haben Sie Interesse an unseren Angeboten oder Fragen dazu? Kontaktieren Sie einfach unsere Ansprechpartner:<\/p>\n\n\n\n<figure class=\"wp-block-table\"><table><tbody><tr><td>\u00d6ffnungszeiten<\/td><td>Montag \u2013 Freitag 8:00 bis 15:00 Uhr<br>weitere Termine nach Vereinbarung<\/td><\/tr><tr><td>Telefon:<\/td><td>+43 1 54615 130<br>+43 680 1155090<\/td><\/tr><tr><td>Mail:<\/td><td><a href=\"javascript:;\">versuchsanstalt@spengergasse.at<\/a><\/td><\/tr><\/tbody><\/table><\/figure>\n<\/div>\n","protected":false},"excerpt":{"rendered":"<p>Die Mitarbeiter*innen der Versuchsanstalt f\u00fcr Textil und Informatik unterrichten und arbeiten an der HTL Spengergasse im Bereich der IT. Wir kennen die Herausforderungen im Bildungsbereich sehr gut und k\u00f6nnen Ihnen helfen Ihre Schule digital fit zu machen. Unsere Angebote: \u00dcberpr\u00fcfung Ihrer IT-Infrastruktur&#8230;<\/p>\n","protected":false},"author":1,"featured_media":0,"parent":3105,"menu_order":0,"comment_status":"closed","ping_status":"closed","template":"","meta":{"footnotes":""},"class_list":["post-4962","page","type-page","status-publish","hentry"],"_links":{"self":[{"href":"https:\/\/www.spengergasse.at\/index.php?rest_route=\/wp\/v2\/pages\/4962","targetHints":{"allow":["GET"]}}],"collection":[{"href":"https:\/\/www.spengergasse.at\/index.php?rest_route=\/wp\/v2\/pages"}],"about":[{"href":"https:\/\/www.spengergasse.at\/index.php?rest_route=\/wp\/v2\/types\/page"}],"author":[{"embeddable":true,"href":"https:\/\/www.spengergasse.at\/index.php?rest_route=\/wp\/v2\/users\/1"}],"replies":[{"embeddable":true,"href":"https:\/\/www.spengergasse.at\/index.php?rest_route=%2Fwp%2Fv2%2Fcomments&post=4962"}],"version-history":[{"count":1,"href":"https:\/\/www.spengergasse.at\/index.php?rest_route=\/wp\/v2\/pages\/4962\/revisions"}],"predecessor-version":[{"id":4963,"href":"https:\/\/www.spengergasse.at\/index.php?rest_route=\/wp\/v2\/pages\/4962\/revisions\/4963"}],"up":[{"embeddable":true,"href":"https:\/\/www.spengergasse.at\/index.php?rest_route=\/wp\/v2\/pages\/3105"}],"wp:attachment":[{"href":"https:\/\/www.spengergasse.at\/index.php?rest_route=%2Fwp%2Fv2%2Fmedia&parent=4962"}],"curies":[{"name":"wp","href":"https:\/\/api.w.org\/{rel}","templated":true}]}}