{"id":3908,"date":"2020-11-04T19:13:46","date_gmt":"2020-11-04T18:13:46","guid":{"rendered":"https:\/\/www.spengergasse.at\/?page_id=3908"},"modified":"2023-10-24T20:57:01","modified_gmt":"2023-10-24T18:57:01","slug":"infotag-2023","status":"publish","type":"page","link":"https:\/\/www.spengergasse.at\/?page_id=3908","title":{"rendered":"Infotag 2023"},"content":{"rendered":"\n<figure class=\"wp-block-image size-full\"><img loading=\"lazy\" decoding=\"async\" width=\"840\" height=\"400\" src=\"https:\/\/www.spengergasse.at\/wp-content\/uploads\/2023\/01\/Infotage_2023_Jaenner-1.jpg\" alt=\"\" class=\"wp-image-6330\" srcset=\"https:\/\/www.spengergasse.at\/wp-content\/uploads\/2023\/01\/Infotage_2023_Jaenner-1.jpg 840w, https:\/\/www.spengergasse.at\/wp-content\/uploads\/2023\/01\/Infotage_2023_Jaenner-1-300x143.jpg 300w, https:\/\/www.spengergasse.at\/wp-content\/uploads\/2023\/01\/Infotage_2023_Jaenner-1-768x366.jpg 768w\" sizes=\"auto, (max-width: 840px) 100vw, 840px\" \/><\/figure>\n\n\n<div id=\"pl-gb3908-69e0d90fbfb57\"  class=\"panel-layout\" ><div id=\"pg-gb3908-69e0d90fbfb57-0\"  class=\"panel-grid panel-no-style\" ><div id=\"pgc-gb3908-69e0d90fbfb57-0-0\"  class=\"panel-grid-cell\" ><div id=\"panel-gb3908-69e0d90fbfb57-0-0-0\" class=\"so-panel widget widget_sow-button panel-first-child panel-last-child widgetopts-SO\" data-index=\"0\" ><div\n\t\t\t\n\t\t\tclass=\"so-widget-sow-button so-widget-sow-button-flat-7a4d4247b8df-3908\"\n\t\t\t\n\t\t><div class=\"ow-button-base ow-button-align-center\"\n>\n\t\t\t<a\n\t\t\t\t\thref=\"https:\/\/www.spengergasse.at\/?page_id=3941\"\n\t\t\t\t\tclass=\"sowb-button ow-icon-placement-left\" \t>\n\t\t<span>\n\t\t\t\n\t\t\tAusbildung ab 14\t\t<\/span>\n\t\t\t<\/a>\n\t<\/div>\n<\/div><\/div><\/div><div id=\"pgc-gb3908-69e0d90fbfb57-0-1\"  class=\"panel-grid-cell\" ><div id=\"panel-gb3908-69e0d90fbfb57-0-1-0\" class=\"so-panel widget widget_sow-button panel-first-child panel-last-child widgetopts-SO\" data-index=\"1\" ><div\n\t\t\t\n\t\t\tclass=\"so-widget-sow-button so-widget-sow-button-flat-7a4d4247b8df-3908\"\n\t\t\t\n\t\t><div class=\"ow-button-base ow-button-align-center\"\n>\n\t\t\t<a\n\t\t\t\t\thref=\"https:\/\/www.spengergasse.at\/?page_id=4312\"\n\t\t\t\t\tclass=\"sowb-button ow-icon-placement-left\" \t>\n\t\t<span>\n\t\t\t\n\t\t\tAusbildung ab 17\t\t<\/span>\n\t\t\t<\/a>\n\t<\/div>\n<\/div><\/div><\/div><\/div><\/div>\n\n\n<p><\/p>\n\n\n\n<p>Liebe Besucher*innen und Interessierte an den Ausbildungen der HTL Spengergasse.<\/p>\n\n\n\n<p>Herzlich willkommen! <\/p>\n\n\n\n<p>An diesem Infotag pr\u00e4sentieren wir Ihnen folgende Abteilungen und Fachrichtungen in unserem Veranstaltungssaal:<\/p>\n\n\n\n<figure class=\"wp-block-table\"><table><tbody><tr><td>Ausbildung ab 14<\/td><td>Ausbildung ab 17<\/td><\/tr><tr><td>Betriebsinformatik<\/td><td>Informatik Tagesform<\/td><\/tr><tr><td>Informatik<\/td><td>Informatik Abendform<\/td><\/tr><tr><td>Informationstechnik (Fachschule)<\/td><td><\/td><\/tr><tr><td>Medizininformatik<\/td><td><\/td><\/tr><tr><td>Technisches Management &amp; Umwelt<\/td><td><\/td><\/tr><\/tbody><\/table><\/figure>\n\n\n\n<p>Die Abteilungen und ihre zugeh\u00f6rigen Ausbildungen pr\u00e4sentieren auf dieser Webseite dar\u00fcber hinaus, mit Videos einen Einblick in das Geschehen an der HTL Spengergasse. Klicken Sie einfach auf einen der beiden roten Buttons oben. <\/p>\n\n\n\n<p class=\"has-black-color has-luminous-vivid-amber-background-color has-text-color has-background\">Wichtiger Hinweis zu den  Ausbildungen Animation, Gamedesign und Interior- und Surfacedesign:  <br><br>Das Aufnahmeverfahren f\u00fcr die <strong>Ausbildung ab 14<\/strong> der ist bereits abgeschlossen. F\u00fcr das kommende Schuljahr 2023\/24 ist eine Aufnahme nicht mehr m\u00f6glich. <br><br>Eine Anmeldung f\u00fcr die <strong>Ausbildung ab 17<\/strong> ist noch bis Juni 2023 m\u00f6glich. Dazu findet ein Infoabend &#8222;Design Kollegs&#8220; am 14.3.2023 um 18 Uhr statt.<\/p>\n\n\n\n<p>Wir ersuchen Sie jedenfalls <strong>am Infotag mit FFP2-Maske die Schule zu betreten<\/strong>, um das Infektionsgeschehen m\u00f6glichst gering zu halten. Die beiden Infotage werden selbstverst\u00e4ndlich noch der dann herrschenden Infektionslage angepasst, daher bitten wir Sie, sich auf unserer Homepage regelm\u00e4\u00dfig nach allf\u00e4lligen \u00c4nderungen zu informieren.<\/p>\n\n\n\n<p>Wir w\u00fcnschen einen informativen Besuch und freuen uns auf Sie!<\/p>\n\n\n\n<p>So k\u00f6nnen Sie uns erreichen: <a href=\"https:\/\/www.spengergasse.at\/?page_id=5308\">Erreichbarkeit<\/a><\/p>\n","protected":false},"excerpt":{"rendered":"<p>Liebe Besucher*innen und Interessierte an den Ausbildungen der HTL Spengergasse. Herzlich willkommen! An diesem Infotag pr\u00e4sentieren wir Ihnen folgende Abteilungen und Fachrichtungen in unserem Veranstaltungssaal: Ausbildung ab 14 Ausbildung ab 17 Betriebsinformatik Informatik Tagesform Informatik Informatik Abendform Informationstechnik (Fachschule) Medizininformatik Technisches Management&#8230;<\/p>\n","protected":false},"author":1,"featured_media":7040,"parent":2756,"menu_order":0,"comment_status":"closed","ping_status":"closed","template":"","meta":{"footnotes":""},"class_list":["post-3908","page","type-page","status-publish","has-post-thumbnail","hentry"],"_links":{"self":[{"href":"https:\/\/www.spengergasse.at\/index.php?rest_route=\/wp\/v2\/pages\/3908","targetHints":{"allow":["GET"]}}],"collection":[{"href":"https:\/\/www.spengergasse.at\/index.php?rest_route=\/wp\/v2\/pages"}],"about":[{"href":"https:\/\/www.spengergasse.at\/index.php?rest_route=\/wp\/v2\/types\/page"}],"author":[{"embeddable":true,"href":"https:\/\/www.spengergasse.at\/index.php?rest_route=\/wp\/v2\/users\/1"}],"replies":[{"embeddable":true,"href":"https:\/\/www.spengergasse.at\/index.php?rest_route=%2Fwp%2Fv2%2Fcomments&post=3908"}],"version-history":[{"count":32,"href":"https:\/\/www.spengergasse.at\/index.php?rest_route=\/wp\/v2\/pages\/3908\/revisions"}],"predecessor-version":[{"id":6358,"href":"https:\/\/www.spengergasse.at\/index.php?rest_route=\/wp\/v2\/pages\/3908\/revisions\/6358"}],"up":[{"embeddable":true,"href":"https:\/\/www.spengergasse.at\/index.php?rest_route=\/wp\/v2\/pages\/2756"}],"wp:featuredmedia":[{"embeddable":true,"href":"https:\/\/www.spengergasse.at\/index.php?rest_route=\/wp\/v2\/media\/7040"}],"wp:attachment":[{"href":"https:\/\/www.spengergasse.at\/index.php?rest_route=%2Fwp%2Fv2%2Fmedia&parent=3908"}],"curies":[{"name":"wp","href":"https:\/\/api.w.org\/{rel}","templated":true}]}}