{"id":2699,"date":"2020-02-18T11:22:21","date_gmt":"2020-02-18T10:22:21","guid":{"rendered":"http:\/\/193.170.108.10\/?page_id=2699"},"modified":"2026-02-13T11:22:23","modified_gmt":"2026-02-13T10:22:23","slug":"berufsreifepruefung","status":"publish","type":"page","link":"https:\/\/www.spengergasse.at\/?page_id=2699","title":{"rendered":"Berufsreifepr\u00fcfung"},"content":{"rendered":"\n<p><strong>Die Ausbildung<\/strong><\/p>\n\n\n\n<p>Derzeit\nwerden keine Vorbereitungskurse angeboten.<\/p>\n\n\n\n<p>Die Teilpr\u00fcfung aus der Unterrichtssprache <strong>&#8222;Deutsch&#8220;<\/strong> kann am Schulstandort als standardisierte schriftliche und m\u00fcndliche Pr\u00fcfung abgelegt werden. Die Bereitstellung einer PC-Arbeitsumgebung kann aus organisatorischen Gr\u00fcnden nicht garantiert werden.<\/p>\n\n\n\n<p>Die Teilpr\u00fcfung aus <strong>&#8222;Lebender Fremdsprache&#8220;<\/strong> kann am Schulstandort im Fach &#8222;Englisch&#8220; abgelegt werden, die aktuell verordneten Themenpools der m\u00fcndlichen Pr\u00fcfung sind im Schaukasten im Eingangsbereich der Schule angeschlagen.<\/p>\n\n\n\n<p>Die Teilpr\u00fcfung aus <strong>&#8222;Mathematik&#8220; <\/strong>kann am Schulstandort als standardisierte schriftliche Pr\u00fcfung und im Falle eines negativen Erfolgs als m\u00fcndliche Kompensationspr\u00fcfung abgelegt werden. Die Bereitstellung einer PC-Arbeitsumgebung kann aus organisatorischen Gr\u00fcnden nicht garantiert werden.<\/p>\n\n\n\n<p>Die Teilpr\u00fcfung aus dem <strong>Fachbereich<\/strong> kann am Schulstandort entsprechend einem der unten gelisteten Berufsfelder abgelegt werden, die Zuweisung von Betreuungslehrenden und Festlegung des Projektthemas erfolgen nach Anmeldung und Bekanntgabe eines Themenvorschlages.<\/p>\n\n\n\n<p>Schriftliche Pr\u00fcfungen finden gem\u00e4\u00df zentraler <a href=\"https:\/\/www.matura.gv.at\/pruefungstermine\">Verlautbarung <\/a> statt, m\u00fcndliche Pr\u00fcfungen finden jeweils am Mittwoch und Donnerstag der letzten Oktober-, ersten Februar- und letzten Juni-Schulwoche statt.<\/p>\n\n\n\n<p>Alle Teilpr\u00fcfungen k\u00f6nnen auch an Erwachsenenbildungseinrichtungen abgelegt und am Schulstandort anerkannt werden oder beim Nachweis einer entsprechenden Qualifikation entfallen, sofern zumindest eine Teilpr\u00fcfung am Schulstandort abgelegt wurde.<\/p>\n\n\n\n<p><strong>Voraussetzungen<\/strong><\/p>\n\n\n\n<p>Teilnehmende des &#8222;Lehre mit Matura&#8220;-Programms brauchen sich um Zulassung und Teilpr\u00fcfungsanmeldung nicht k\u00fcmmern.<\/p>\n\n\n\n<p><strong>Zulassung<\/strong><\/p>\n\n\n\n<p>Zur Zulassung ist neben den (bedingten)  <a href=\"https:\/\/www.ris.bka.gv.at\/eli\/bgbl\/i\/1997\/68\/P1\/NOR40185102\">Zulassungsvoraussetzungen<\/a> der Bezug zum gew\u00fcnschten Fachbereich nachzuweisen sowie die Anmeldegeb\u00fchr zu entrichten, der Bescheid wird postalisch zugestellt. Folgende Dokumente sind einzureichen:<\/p>\n\n\n<figure class=\"wp-block-table is-style-stripes\">\n<table>\n<tbody>\n<tr>\n<td>Namensnachweis (Geburtsurkunde, Scheidungsurteil, Namens\u00e4nderungsurkunde)<\/td>\n<\/tr>\n<tr>\n<td>Staatsb\u00fcrgerschaftsurkunde (Staatsb\u00fcrgerschaftsnachweis, Reisepass oder Personalausweis)<\/td>\n<\/tr>\n<tr>\n<td>Meldebest\u00e4tigung<\/td>\n<\/tr>\n<tr>\n<td>Zulassungsvoraussetzungsnachweis (z.B. Lehrabschlusspr\u00fcfungszeugnis, Facharbeiterpr\u00fcfungszeugnis, Mittelschulabschlusszeugnis, etc.)<\/td>\n<\/tr>\n<tr>\n<td>Vollst\u00e4ndig, richtig und unterfertigt ausgef\u00fclltes <a href=\"https:\/\/www.spengergasse.at\/wp-content\/uploads\/2025\/08\/Zulassungsansuchen.docx\" data-wplink-edit=\"true\">Zulassungsansuchen<\/a><\/td>\n<\/tr>\n<tr>\n<td>Allf\u00e4llige Nachweise zu Anerkennung oder <a href=\"https:\/\/www.ris.bka.gv.at\/GeltendeFassung.wxe?Abfrage=Bundesnormen&amp;Gesetzesnummer=20000865\">Entfall<\/a> von Teilpr\u00fcfungen<\/td>\n<\/tr>\n<\/tbody>\n<\/table>\n<\/figure>\n\n\n<p>Bei der \u00dcberweisung der <a href=\"https:\/\/brp.spengergasse.at\/brp\/Taxen.pdf\">Anmeldegeb\u00fchr<\/a> ist das Feld Verwendungszweck mit dem Text &#8222;BRP Z&#8220;, dem Namen und dem Geburtsdatum zu versehen.<\/p>\n\n\n\n<p><strong> Teilpr\u00fcfung <\/strong><\/p>\n\n\n\n<p>Eine Anmeldung zur n\u00e4chsten Teilpr\u00fcfung ist nach erfolgreicher Zulassung durch die Einzahlung der entsprechenden Pr\u00fcfungstaxe bis einen Monat vor Beginn des Pr\u00fcfungstermins m\u00f6glich, Informationen \u00fcber genauen Ablauf und Datum ergehen an die bekanntgegebene E-Mail-Adresse.<br> Bei der \u00dcberweisung der <a href=\"https:\/\/www.spengergasse.at\/wp-content\/uploads\/2025\/08\/BRP-Pruefungstaxen-Uebersicht-25_26.pdf\">Pr\u00fcfungstaxe<\/a> ist das Feld Verwendungszweck mit dem Text &#8222;BRP&#8220;, dem taxierten Fach (&#8222;D&#8220;, &#8222;E&#8220;, &#8222;M&#8220;, &#8222;F&#8220;), dem Namen und dem Geburtsdatum zu versehen.<br>Die Ablegung der voraussichtlich letzten Pr\u00fcfung kann nur bei vollst\u00e4ndiger Erf\u00fcllung der Zulassungsvoraussetzungen und nicht vor Vollendung des 19. Lebensjahres erfolgen.<\/p>\n\n\n\n<p><strong>Gesamtzeugnis<\/strong><\/p>\n\n\n\n<p>Zur Ausstellung des Gesamtpr\u00fcfungszeugnisses sind die Nachweise der vollst\u00e4ndigen Zulassungsvoraussetzungen sowie die jeweiligen Teilpr\u00fcfungszeugnisse oder Qualifikationsnachweise pers\u00f6nlich oder per E-Mail vorzulegen.<\/p>\n\n\n\n<p><strong>Berufsfelder<\/strong><\/p>\n\n\n<figure class=\"wp-block-table is-style-stripes\">\n<table>\n<tbody>\n<tr>\n<td>Bautechnik<\/td>\n<\/tr>\n<tr>\n<td>Betriebswirtschaft und Rechnungswesen<\/td>\n<\/tr>\n<tr>\n<td>Chemie<\/td>\n<\/tr>\n<tr>\n<td>Elektronik<\/td>\n<\/tr>\n<tr>\n<td>Elektrotechnik<\/td>\n<\/tr>\n<tr>\n<td>Ern\u00e4hrung und Lebensmitteltechnologie<\/td>\n<\/tr>\n<tr>\n<td>Gesundheit und Soziales<\/td>\n<\/tr>\n<tr>\n<td>Handel und Rechnungswesen<\/td>\n<\/tr>\n<tr>\n<td>Informatik<\/td>\n<\/tr>\n<tr>\n<td>Informationsmanagement und Medientechnik<\/td>\n<\/tr>\n<tr>\n<td>Innenraumgestaltung und Holztechnik<\/td>\n<\/tr>\n<tr>\n<td>Installations- und Geb\u00e4udetechnik<\/td>\n<\/tr>\n<tr>\n<td>Kunst und Design<\/td>\n<\/tr>\n<tr>\n<td>Maschinenbau<\/td>\n<\/tr>\n<tr>\n<td>Medieninformatik<\/td>\n<\/tr>\n<tr>\n<td>Politische Bildung und Recht<\/td>\n<\/tr>\n<tr>\n<td>Textiltechnik<\/td>\n<\/tr>\n<tr>\n<td>Werkstofftechnik<\/td>\n<\/tr>\n<tr>\n<td>Wirtschaftsinformatik<\/td>\n<\/tr>\n<\/tbody>\n<\/table>\n<\/figure>\n\n\n<p><strong>Informationen zur Ausbildung<\/strong><\/p>\n\n\n\n<figure class=\"wp-block-table is-style-stripes\"><table><tbody><tr><td>Organisationseinheit<\/td><td>Berufsreifepr\u00fcfungskommission<\/td><\/tr><tr><td>Abschluss<\/td><td>Berufsreifepr\u00fcfung<\/td><\/tr><tr><td>Schriftf\u00fchrer<\/td><td>Mahmoud Nourhan<br>Wande Larissa<\/td><\/tr><tr><td>Vorsitzender<\/td><td>Henning Nassler<\/td><\/tr><tr><td>Kontakt<\/td><td><br>+43 1 54615 162 (Schriftf\u00fchrung)<br><a href=\"mailto:brp@spengergasse.at\">brp@spengergasse.at<\/a><\/td><\/tr><\/tbody><\/table><\/figure>\n\n\n\n<h2 class=\"wp-block-heading\">Sekretariat f\u00fcr Berufsreifepr\u00fcfung (AH17)<\/h2>\n\n\n\n<figure class=\"wp-block-table\"><table><tbody><tr><td>Montag<\/td><td>8:00 bis 12:00 und 13:00 bis 15:00 Uhr<\/td><\/tr><tr><td>Dienstag<\/td><td> 8:00 bis 12:00 und 13:00 bis 15:00 Uhr <\/td><\/tr><tr><td>Mittwoch<\/td><td> 8:00 bis 12:00 und 13:00 bis 15:00 Uhr <\/td><\/tr><tr><td>Donnerstag<\/td><td>13:00 bis 17:00 Uhr<\/td><\/tr><tr><td>Freitag<\/td><td>13:00 bis 15:00 Uhr<\/td><\/tr><\/tbody><\/table><\/figure>\n","protected":false},"excerpt":{"rendered":"<p>Die Ausbildung Derzeit werden keine Vorbereitungskurse angeboten. Die Teilpr\u00fcfung aus der Unterrichtssprache &#8222;Deutsch&#8220; kann am Schulstandort als standardisierte schriftliche und m\u00fcndliche Pr\u00fcfung abgelegt werden. Die Bereitstellung einer PC-Arbeitsumgebung kann aus organisatorischen Gr\u00fcnden nicht garantiert werden. Die Teilpr\u00fcfung aus &#8222;Lebender Fremdsprache&#8220; kann am&#8230;<\/p>\n","protected":false},"author":1,"featured_media":2703,"parent":2067,"menu_order":0,"comment_status":"closed","ping_status":"closed","template":"","meta":{"footnotes":""},"class_list":["post-2699","page","type-page","status-publish","has-post-thumbnail","hentry"],"_links":{"self":[{"href":"https:\/\/www.spengergasse.at\/index.php?rest_route=\/wp\/v2\/pages\/2699","targetHints":{"allow":["GET"]}}],"collection":[{"href":"https:\/\/www.spengergasse.at\/index.php?rest_route=\/wp\/v2\/pages"}],"about":[{"href":"https:\/\/www.spengergasse.at\/index.php?rest_route=\/wp\/v2\/types\/page"}],"author":[{"embeddable":true,"href":"https:\/\/www.spengergasse.at\/index.php?rest_route=\/wp\/v2\/users\/1"}],"replies":[{"embeddable":true,"href":"https:\/\/www.spengergasse.at\/index.php?rest_route=%2Fwp%2Fv2%2Fcomments&post=2699"}],"version-history":[{"count":22,"href":"https:\/\/www.spengergasse.at\/index.php?rest_route=\/wp\/v2\/pages\/2699\/revisions"}],"predecessor-version":[{"id":10026,"href":"https:\/\/www.spengergasse.at\/index.php?rest_route=\/wp\/v2\/pages\/2699\/revisions\/10026"}],"up":[{"embeddable":true,"href":"https:\/\/www.spengergasse.at\/index.php?rest_route=\/wp\/v2\/pages\/2067"}],"wp:featuredmedia":[{"embeddable":true,"href":"https:\/\/www.spengergasse.at\/index.php?rest_route=\/wp\/v2\/media\/2703"}],"wp:attachment":[{"href":"https:\/\/www.spengergasse.at\/index.php?rest_route=%2Fwp%2Fv2%2Fmedia&parent=2699"}],"curies":[{"name":"wp","href":"https:\/\/api.w.org\/{rel}","templated":true}]}}