{"id":2165,"date":"2019-11-26T16:24:48","date_gmt":"2019-11-26T15:24:48","guid":{"rendered":"http:\/\/localhost\/homepageneu\/?page_id=2165"},"modified":"2025-11-14T13:48:05","modified_gmt":"2025-11-14T12:48:05","slug":"kollegn-fuer-gamedesign","status":"publish","type":"page","link":"https:\/\/www.spengergasse.at\/?page_id=2165","title":{"rendered":"Gamedesign"},"content":{"rendered":"\n<p><\/p>\n\n\n\n<p><strong>Die Ausbildung<\/strong><\/p>\n\n\n\n<p>Die Spieleindustrie geh\u00f6rt zu den am Schnellsten wachsenden Branchen der Gegenwart! Jedoch m\u00fcssen f\u00fcr eine erfolgreiche Spieleentwicklung sowohl technische als auch k\u00fcnstlerische als auch psychologische und wirtschaftliche Aspekte ber\u00fccksichtigt werden. Unsere Ausbildung am Abend-Kolleg f\u00fcr Game-Design gibt Einblick in die verschiedenen Entwicklungsprozesse eines Spiels und das notwendige Wissen, um eigene Spieleideen umsetzen zu k\u00f6nnen.<\/p>\n\n\n\n<p>Das Ziel der Ausbildung sind Studierende mit folgenden F\u00e4higkeiten und Fertigkeiten: <\/p>\n\n\n\n<figure class=\"wp-block-table is-style-stripes\"><table><tbody><tr><td>Verst\u00e4ndnis von Game-Theory und Game-Critics <\/td><\/tr><tr><td>Entwurf und Entwicklung von Game- und Level-Design <\/td><\/tr><tr><td>Erstellung von Concept Art und Umsetzung in 2D und 3D<\/td><\/tr><tr><td>Kenntnisse von Prototyping und Programmierung in Game Engines<\/td><\/tr><tr><td>Planung und Gestaltung im Bereich Audiodesign f\u00fcr Spiele <\/td><\/tr><tr><td>Verst\u00e4ndnis des Spielemarktes und Erstellung eines Businessplans<\/td><\/tr><\/tbody><\/table><\/figure>\n\n\n\n<figure class=\"wp-block-embed is-type-video is-provider-youtube wp-block-embed-youtube wp-embed-aspect-16-9 wp-has-aspect-ratio\"><div class=\"wp-block-embed__wrapper\">\n<iframe loading=\"lazy\" title=\"Gamedesign Showreel 2023\/2024\" width=\"640\" height=\"360\" src=\"https:\/\/www.youtube.com\/embed\/I_fHrHxBK5E?feature=oembed\" frameborder=\"0\" allow=\"accelerometer; autoplay; clipboard-write; encrypted-media; gyroscope; picture-in-picture; web-share\" referrerpolicy=\"strict-origin-when-cross-origin\" allowfullscreen><\/iframe>\n<\/div><\/figure>\n\n\n\n<p><strong>Voraussetzungen<\/strong><\/p>\n\n\n\n<p>Mindestalter 18 Jahre. Das Aufnahmeverfahren sieht ein pers\u00f6nliches Gespr\u00e4ch mit Portfoliopr\u00e4sentation vor. Individuelle Terminvereinbarung bis Ende Juni. <\/p>\n\n\n\n<p><strong><a href=\"https:\/\/spengergasse.htl-anmeldung.at\/Sonderform\">Zur Online-Anmeldung<\/a><\/strong><\/p>\n\n\n\n<p>Am 17.3.2026 (18 Uhr) findet ein Infoabend im Veranstaltungssaal (VAS) der Spengergasse statt.<\/p>\n\n\n\n<p><strong> Berufsfelder<\/strong><\/p>\n\n\n\n<figure class=\"wp-block-table is-style-stripes\"><table><tbody><tr><td>Interface Designer\/in <\/td><\/tr><tr><td>Experience Designer\/in <\/td><\/tr><tr><td>Game Designer\/in <\/td><\/tr><tr><td>Level Designer\/in <\/td><\/tr><tr><td>Game Artist<\/td><\/tr><tr><td>Game Programmer  <\/td><\/tr><\/tbody><\/table><\/figure>\n\n\n\n<p>Der Unterricht findet in folgenden Rahmenzeiten statt:<\/p>\n\n\n\n<figure class=\"wp-block-table is-style-stripes\"><table><tbody><tr><td>Abendstudium<\/td><\/tr><tr><td>Montag bis Donnerstag<br>17:10 Uhr \u2013 22:00 Uhr<\/td><\/tr><\/tbody><\/table><\/figure>\n\n\n\n<p><strong>Informationen zur Ausbildung<\/strong><\/p>\n\n\n\n<figure class=\"wp-block-table is-style-stripes\"><table><tbody><tr><td class=\"has-text-align-left\" data-align=\"left\">Abteilung<\/td><td>Design<\/td><\/tr><tr><td class=\"has-text-align-left\" data-align=\"left\">Ausbildungsschwerpunkt<\/td><td>Gamedesign<\/td><\/tr><tr><td class=\"has-text-align-left\" data-align=\"left\">Stunden pro Woche<\/td><td>22 <\/td><\/tr><tr><td class=\"has-text-align-left\" data-align=\"left\">Ausbildungsdauer<\/td><td>6 Semester<\/td><\/tr><tr><td class=\"has-text-align-left\" data-align=\"left\">Abschluss<\/td><td>Diplompr\u00fcfung<\/td><\/tr><tr><td class=\"has-text-align-left\" data-align=\"left\">Abteilungsvorstand<\/td><td>Werner Regen, MA<\/td><\/tr><tr><td class=\"has-text-align-left\" data-align=\"left\">Kontakt:<\/td><td>Ljubek Kristian <br><a href=\"mailto:ljubek@spengergasse.at\">ljubek@spengergasse.at<\/a><\/td><\/tr><\/tbody><\/table><\/figure>\n\n\n\n<div class=\"wp-block-group is-layout-flow wp-block-group-is-layout-flow\">\n<p><strong> <span class=\"collapseomatic \" id=\"id69f33e2e90767\"  tabindex=\"0\" title=\"Stundentafel\"    >Stundentafel<\/span><div id=\"target-id69f33e2e90767\" class=\"collapseomatic_content \"><\/strong><\/p>\n\n\n\n<figure class=\"wp-block-table is-style-stripes\"><table><tbody><tr><td><\/td><td>I<\/td><td>II<\/td><td>III<\/td><td>IV<\/td><td>V<\/td><td>VI<\/td><\/tr><tr><td>Medientechnologie<\/td><td>6<\/td><td>6<\/td><td>4<\/td><td>4<\/td><td>3<\/td><td>3<\/td><\/tr><tr><td>Medientheorie<\/td><td>\u2013<\/td><td>\u2013<\/td><td>2<\/td><td>2<\/td><td>2<\/td><td>2<\/td><\/tr><tr><td>Mediengestaltung<\/td><td>7<\/td><td>7<\/td><td>5<\/td><td>5<\/td><td>4<\/td><td>4<\/td><\/tr><tr><td>Medienproduktion<\/td><td>4<\/td><td>4<\/td><td>4<\/td><td>4<\/td><td>5<\/td><td>5<\/td><\/tr><tr><td>Medienprojekte<\/td><td>\u2013<\/td><td>\u2013<\/td><td>\u2013<\/td><td>\u2013<\/td><td>4<\/td><td>4<\/td><\/tr><tr><td>Medienwirtschaft<\/td><td>\u2013<\/td><td>\u2013<\/td><td>2<\/td><td>2<\/td><td>\u2013<\/td><td>\u2013<\/td><\/tr><tr><td>Kommunikation<\/td><td>\u2013<\/td><td>\u2013<\/td><td>\u2013<\/td><td>\u2013<\/td><td>2<\/td><td>2<\/td><\/tr><tr><td>Wirtschaft und Recht<\/td><td>\u2013<\/td><td>\u2013<\/td><td>2<\/td><td>2<\/td><td>2<\/td><td>2<\/td><\/tr><tr><td>Religion&nbsp;| Ethik<\/td><td>1<\/td><td>1<\/td><td>1<\/td><td>1<\/td><td>\u2013<\/td><td>\u2013<\/td><\/tr><\/tbody><\/table><\/figure>\n\n\n\n<\/div> <\/p>\n\n\n\n<div class=\"wp-block-file alignright\"><a id=\"wp-block-file--media-b8e1ab96-6e2a-4899-8337-3883c044eb5f\" href=\"https:\/\/www.spengergasse.at\/wp-content\/uploads\/2020\/04\/LP_ab17_Gamedesign.pdf\">Download Lehrplan<\/a><\/div>\n<\/div>\n\n\n<p><!--EndFragment--><\/p>\n\n\n<div class=\"wp-block-buttons is-layout-flex wp-block-buttons-is-layout-flex\">\n<div class=\"wp-block-button\"><a class=\"wp-block-button__link has-white-color has-text-color has-background wp-element-button\" href=\".\/?tag=Gamedesign\" style=\"border-radius:0px;background-color:#ed1944\">Aktuelles aus der Abteilung<\/a><\/div>\n<\/div>\n","protected":false},"excerpt":{"rendered":"<p>Die Ausbildung Die Spieleindustrie geh\u00f6rt zu den am Schnellsten wachsenden Branchen der Gegenwart! Jedoch m\u00fcssen f\u00fcr eine erfolgreiche Spieleentwicklung sowohl technische als auch k\u00fcnstlerische als auch psychologische und wirtschaftliche Aspekte ber\u00fccksichtigt werden. Unsere Ausbildung am Abend-Kolleg f\u00fcr Game-Design gibt Einblick in die&#8230;<\/p>\n","protected":false},"author":1,"featured_media":3440,"parent":2067,"menu_order":0,"comment_status":"closed","ping_status":"closed","template":"","meta":{"footnotes":""},"class_list":["post-2165","page","type-page","status-publish","has-post-thumbnail","hentry"],"_links":{"self":[{"href":"https:\/\/www.spengergasse.at\/index.php?rest_route=\/wp\/v2\/pages\/2165","targetHints":{"allow":["GET"]}}],"collection":[{"href":"https:\/\/www.spengergasse.at\/index.php?rest_route=\/wp\/v2\/pages"}],"about":[{"href":"https:\/\/www.spengergasse.at\/index.php?rest_route=\/wp\/v2\/types\/page"}],"author":[{"embeddable":true,"href":"https:\/\/www.spengergasse.at\/index.php?rest_route=\/wp\/v2\/users\/1"}],"replies":[{"embeddable":true,"href":"https:\/\/www.spengergasse.at\/index.php?rest_route=%2Fwp%2Fv2%2Fcomments&post=2165"}],"version-history":[{"count":21,"href":"https:\/\/www.spengergasse.at\/index.php?rest_route=\/wp\/v2\/pages\/2165\/revisions"}],"predecessor-version":[{"id":9673,"href":"https:\/\/www.spengergasse.at\/index.php?rest_route=\/wp\/v2\/pages\/2165\/revisions\/9673"}],"up":[{"embeddable":true,"href":"https:\/\/www.spengergasse.at\/index.php?rest_route=\/wp\/v2\/pages\/2067"}],"wp:featuredmedia":[{"embeddable":true,"href":"https:\/\/www.spengergasse.at\/index.php?rest_route=\/wp\/v2\/media\/3440"}],"wp:attachment":[{"href":"https:\/\/www.spengergasse.at\/index.php?rest_route=%2Fwp%2Fv2%2Fmedia&parent=2165"}],"curies":[{"name":"wp","href":"https:\/\/api.w.org\/{rel}","templated":true}]}}